{"id":2271,"date":"2023-08-18T07:27:58","date_gmt":"2023-08-18T07:27:58","guid":{"rendered":"https:\/\/nalinnes.org\/?page_id=2271"},"modified":"2023-08-18T07:27:58","modified_gmt":"2023-08-18T07:27:58","slug":"tesla-oui","status":"publish","type":"page","link":"https:\/\/nalinnes.org\/?page_id=2271","title":{"rendered":"Tesla oui!"},"content":{"rendered":"\n<figure class=\"wp-block-image size-full is-resized is-style-rounded\"><img loading=\"lazy\" decoding=\"async\" src=\"https:\/\/nalinnes.org\/wp-content\/uploads\/2023\/08\/VoituresElectriques_small.png\" alt=\"\" class=\"wp-image-2254\" width=\"553\" height=\"368\" srcset=\"https:\/\/nalinnes.org\/wp-content\/uploads\/2023\/08\/VoituresElectriques_small.png 500w, https:\/\/nalinnes.org\/wp-content\/uploads\/2023\/08\/VoituresElectriques_small-300x200.png 300w\" sizes=\"auto, (max-width: 553px) 100vw, 553px\" \/><\/figure>\n\n\n\n<div class=\"inherit-container-width wp-block-group is-layout-constrained wp-block-group-is-layout-constrained\">\n<div class=\"inherit-container-width wp-block-group is-layout-constrained wp-block-group-is-layout-constrained\">\n<p class=\"has-ast-global-color-6-color has-text-color has-background has-medium-font-size\" style=\"background-color:#00000061;line-height:2.3\"><strong>Je m\u2019inqui\u00e8te !<br>Je suis en possession d\u2019un v\u00e9hicule \u00e9lectrique (VE) depuis le d\u00e9but du mois de mai et il n\u2019a pas encore explos\u00e9.<br>L\u2019attache remorque est toujours bien pr\u00e9sente et n\u2019a pas encore arrach\u00e9 l\u2019arri\u00e8re de la voiture.<br>Je n\u2019ai jusqu\u2019\u00e0 pr\u00e9sent pas encore senti l\u2019odeur de batterie qui prend feu.<br>Malgr\u00e9 les fortes pluies de ces derni\u00e8res semaines, il semble que mes pieds soient toujours au sec dans l\u2019habitacle.<br>Je lis pourtant sur des m\u00e9dias de qualit\u00e9 tels Facebook, partag\u00e9s par des \u00ab amis \u00bb qui pourtant prennent toujours la peine de recouper leurs informations avant de les publier, des \u00e9chos n\u00e9gatifs sur les VE.<br>Eh bien, non ! Je dois \u00eatre verni ! Rien de tout cela pour mon v\u00e9hicule.<br>Il y a bien une caract\u00e9ristique que je n\u2019ai toujours pas comprise. Elle consiste \u00e0 faire entendre un bruit de pet \u00e0 la voiture via l\u2019application officielle sur mon smartphone.<br>Peut-\u00eatre est-ce d\u00fb au caract\u00e8re \u00ab Geek \u00bb d\u2019Elon Musk. C\u2019est rigolo 5 minutes mais apr\u00e8s, on se lasse vite.<br>Je sens pourtant une v\u00e9ritable violence, un appel au meurtre, une pendaison sur la place publique envers les d\u00e9tenteurs de tels voitures.<br>Pourriez-vous m\u2019indiquer ce que nous avons fait de mal ?<br>J\u2019ai la chance d\u2019avoir un employeur qui m\u2019offre une voiture en guise d\u2019exc\u00e9dent \u00e0 mon salaire depuis plus de 25 ans. Pour rappel, je n\u2019ai pas invent\u00e9 ce syst\u00e8me qui consiste \u00e0 permettre \u00e0 l\u2019employeur d\u2019augmenter une partie du salaire de son employ\u00e9 tout en payant moins de charges sociales. C\u2019est une pratique lib\u00e9rale ch\u00e8re \u00e0 mes nombreux \u00ab amis de Facebook \u00bb qui votent \u00e0 droite.<br>En gros, au lieu de toucher 1000, c\u2019est comme si je recevais 1200 et que j\u2019ach\u00e8te une voiture personnelle.<br>J\u2019ai re\u00e7u de tr\u00e8s belles voitures, c\u2019est vrai et, jusqu\u2019\u00e0 pr\u00e9sent personne ne m\u2019avait fait de remarque d\u00e9sagr\u00e9able tant que je roulais au Diesel. Depuis que je roule dans un VE, que de haine !<br>De nombreux \u00ab amis \u00bb ont jet\u00e9 l\u2019opprobre sur ma personne.<br>Je pourrais parler des avantages en mati\u00e8re environnementale mais tous les experts de Facebook s\u2019accordent \u00e0 dire que les VE polluent bien plus que les VT (V\u00e9hicules thermiques).<br>Je pourrais leur sugg\u00e9rer de lire des publications scientifiques mais je ne le ferai pas, c\u2019est peine perdue.<br>Des amis \u00e9cologistes me r\u00e9torqueraient que la solution est dans les transports en communs, mais je le rappelle, je suis misanthrope et donc, la promiscuit\u00e9 me p\u00e8se.<br>Ils pourraient aussi me culpabiliser \u00e0 cause de tous ces enfants qui r\u00e9coltent, pour une bouch\u00e9e de pain, les m\u00e9taux rares n\u00e9cessaires \u00e0 la production des batteries.<br>Je ne le ferai pas. Ils m\u2019insulteraient via un message sur des smartphones qui fonctionnent sans batterie et sans m\u00e9taux rare.<br>En r\u00e9sum\u00e9, depuis 3 mois, je roule avec un VE qui ne produit pas de gaz \u00e0 effet de serre. Enfin, il ne produit plus de gaz \u00e0 effet de serre depuis qu\u2019il en a produit lors de sa fabrication. Un v\u00e9hicule silencieux et tr\u00e8s agr\u00e9able \u00e0 conduire. Pas de production de particule fine, si ce ne sont les freins comme pour tout autre voiture, sauf qu\u2019ici, si j\u2019arr\u00eate d\u2019appuyer sur l\u2019acc\u00e9l\u00e9rateur, l\u2019\u00e9nergie cin\u00e9tique sert \u00e0 recharger les batteries, ce qui a pour cons\u00e9quence de freiner. En fait je n\u2019utilise pas (ou peu) les freins. Je trouve facilement des chargeurs dans les 5 kms aux alentours et j\u2019ai fait placer une station de recharge sur le mur de mon habitation, \u00e0 mes frais. La prochaine \u00e9tape \u00e9tant de placer des panneaux solaires pour essayer tant bien que mal de rendre le v\u00e9hicule plus \u00ab propre \u00bb.<br>Contrairement \u00e0 beaucoup, le placement de ces panneaux solaires n\u2019aura pas pour but de faire tourner mon compteur \u00e0 l\u2019envers mais bien d\u2019utiliser l\u2019\u00e9nergie produite pour charger les batteries, tourner des machines, lancer le s\u00e9choir, chauffer l\u2019eau du boiler, \u2026 lors des pics de production du soleil.<br>Je parlais r\u00e9cemment avec un ami qui me disait avoir install\u00e9 le photovolta\u00efque dans le seul but de voir le compteur tourner \u00e0 l\u2019envers. Aucun but salutaire. Le gain uniquement !<br>Il a fait installer un lit dans son garage, devant le compteur. Quand celui-ci tourne \u00e0 l\u2019envers, mon ami est soudainement pris d\u2019une \u00e9norme \u00e9rection. Son \u00e9pouse et lui peuvent alors s\u2019\u00e9battre follement en regardant les chiffres d\u00e9filer \u00e0 rebours. Mais les \u00e9bats s\u2019arr\u00eatent quand tous les compteurs du quartier tournent \u00e0 l\u2019envers et font disjoncter l\u2019armoire distributrice du quartier.<br>Tous les voisins se reculottent alors pour envoyer des plaintes \u00e0 ORES.<br>C\u2019est \u00e9tonnant, non ? Alors que la r\u00e9action lors de pics de soleil serait d\u2019en profiter pour utiliser cette \u00e9nergie \u00e0 bon escient, non ! Ils pr\u00e9f\u00e8rent engranger des certificats tout en prenant froid dans la cave et pester contre leur fournisseur, le gouvernement et \u00ab toutes ces crapules qui nous dirigent et qu\u2019il faudrait une bonne dictature et que les \u00e9trangers volent nos emplois et que c\u2019est la faute des sociallisses et des \u00e9cologisses \u00e0 longs pweilles et que j\u2019t\u2019enverrais tout \u00e7a en taule et que \u2013 Reviens m\u2019Chou, le compteur tourne \u00e0 nouveau \u00e0 l\u2019envers \u00bb.<br>Alors voil\u00e0 ! Merci d\u2019\u00e9viter de me jeter des pierres lorsque je passe devant vous. Ce v\u00e9hicule ne m\u2019appartient pas, mais \u00e0 la soci\u00e9t\u00e9 de leasing. Il m\u2019a \u00e9t\u00e9 impos\u00e9 par mon employeur mais il fait le job. Apr\u00e8s tout, c\u2019est un bout de ferraille sur roues qui emm\u00e8ne des gens d\u2019un point A \u00e0 un point B.<br>Cela-dit, ma misanthropie s\u2019est pour le moins renforc\u00e9e depuis 3 mois au point que je vais devoir bient\u00f4t consulter si je ne veux pas finir sur une \u00eele d\u00e9serte.<\/strong><\/p>\n\n\n\n<div class=\"wp-block-group is-vertical is-layout-flex wp-container-core-group-is-layout-fe9cc265 wp-block-group-is-layout-flex\"><\/div>\n<\/div>\n<\/div>\n","protected":false},"excerpt":{"rendered":"<p>Je m\u2019inqui\u00e8te !Je suis en possession d\u2019un v\u00e9hicule \u00e9lectrique (VE) depuis le d\u00e9but du mois de mai et il n\u2019a pas encore explos\u00e9.L\u2019attache remorque est toujours bien pr\u00e9sente et n\u2019a pas encore arrach\u00e9 l\u2019arri\u00e8re de la voiture.Je n\u2019ai jusqu\u2019\u00e0 pr\u00e9sent pas encore senti l\u2019odeur de batterie qui prend feu.Malgr\u00e9 les fortes pluies de ces derni\u00e8res [&hellip;]<\/p>\n","protected":false},"author":1,"featured_media":0,"parent":0,"menu_order":0,"comment_status":"closed","ping_status":"closed","template":"","meta":{"site-sidebar-layout":"default","site-content-layout":"","ast-site-content-layout":"","site-content-style":"default","site-sidebar-style":"default","ast-global-header-display":"","ast-banner-title-visibility":"","ast-main-header-display":"","ast-hfb-above-header-display":"","ast-hfb-below-header-display":"","ast-hfb-mobile-header-display":"","site-post-title":"","ast-breadcrumbs-content":"","ast-featured-img":"","footer-sml-layout":"","theme-transparent-header-meta":"","adv-header-id-meta":"","stick-header-meta":"","header-above-stick-meta":"","header-main-stick-meta":"","header-below-stick-meta":"","astra-migrate-meta-layouts":"default","ast-page-background-enabled":"default","ast-page-background-meta":{"desktop":{"background-color":"var(--ast-global-color-4)","background-image":"","background-repeat":"repeat","background-position":"center center","background-size":"auto","background-attachment":"scroll","background-type":"","background-media":"","overlay-type":"","overlay-color":"","overlay-gradient":""},"tablet":{"background-color":"","background-image":"","background-repeat":"repeat","background-position":"center center","background-size":"auto","background-attachment":"scroll","background-type":"","background-media":"","overlay-type":"","overlay-color":"","overlay-gradient":""},"mobile":{"background-color":"","background-image":"","background-repeat":"repeat","background-position":"center center","background-size":"auto","background-attachment":"scroll","background-type":"","background-media":"","overlay-type":"","overlay-color":"","overlay-gradient":""}},"ast-content-background-meta":{"desktop":{"background-color":"var(--ast-global-color-5)","background-image":"","background-repeat":"repeat","background-position":"center center","background-size":"auto","background-attachment":"scroll","background-type":"","background-media":"","overlay-type":"","overlay-color":"","overlay-gradient":""},"tablet":{"background-color":"var(--ast-global-color-5)","background-image":"","background-repeat":"repeat","background-position":"center center","background-size":"auto","background-attachment":"scroll","background-type":"","background-media":"","overlay-type":"","overlay-color":"","overlay-gradient":""},"mobile":{"background-color":"var(--ast-global-color-5)","background-image":"","background-repeat":"repeat","background-position":"center center","background-size":"auto","background-attachment":"scroll","background-type":"","background-media":"","overlay-type":"","overlay-color":"","overlay-gradient":""}},"footnotes":""},"class_list":["post-2271","page","type-page","status-publish","hentry"],"_links":{"self":[{"href":"https:\/\/nalinnes.org\/index.php?rest_route=\/wp\/v2\/pages\/2271","targetHints":{"allow":["GET"]}}],"collection":[{"href":"https:\/\/nalinnes.org\/index.php?rest_route=\/wp\/v2\/pages"}],"about":[{"href":"https:\/\/nalinnes.org\/index.php?rest_route=\/wp\/v2\/types\/page"}],"author":[{"embeddable":true,"href":"https:\/\/nalinnes.org\/index.php?rest_route=\/wp\/v2\/users\/1"}],"replies":[{"embeddable":true,"href":"https:\/\/nalinnes.org\/index.php?rest_route=%2Fwp%2Fv2%2Fcomments&post=2271"}],"version-history":[{"count":1,"href":"https:\/\/nalinnes.org\/index.php?rest_route=\/wp\/v2\/pages\/2271\/revisions"}],"predecessor-version":[{"id":2276,"href":"https:\/\/nalinnes.org\/index.php?rest_route=\/wp\/v2\/pages\/2271\/revisions\/2276"}],"wp:attachment":[{"href":"https:\/\/nalinnes.org\/index.php?rest_route=%2Fwp%2Fv2%2Fmedia&parent=2271"}],"curies":[{"name":"wp","href":"https:\/\/api.w.org\/{rel}","templated":true}]}}

<figure class="wp-block-image size-full is-resized is-style-rounded"><img loading="lazy" decoding="async" src="https://nalinnes.org/wp-content/uploads/2023/08/VoituresElectriques_small.png" alt="" class="wp-image-2254" width="553" height="368" srcset="https://nalinnes.org/wp-content/uploads/2023/08/VoituresElectriques_small.png 500w, https://nalinnes.org/wp-content/uploads/2023/08/VoituresElectriques_small-300x200.png 300w" sizes="auto, (max-width: 553px) 100vw, 553px" /></figure>



<div class="inherit-container-width wp-block-group is-layout-constrained wp-block-group-is-layout-constrained">
<div class="inherit-container-width wp-block-group is-layout-constrained wp-block-group-is-layout-constrained">
<p class="has-ast-global-color-6-color has-text-color has-background has-medium-font-size" style="background-color:#00000061;line-height:2.3"><strong>Je m’inquiète !<br>Je suis en possession d’un véhicule électrique (VE) depuis le début du mois de mai et il n’a pas encore explosé.<br>L’attache remorque est toujours bien présente et n’a pas encore arraché l’arrière de la voiture.<br>Je n’ai jusqu’à présent pas encore senti l’odeur de batterie qui prend feu.<br>Malgré les fortes pluies de ces dernières semaines, il semble que mes pieds soient toujours au sec dans l’habitacle.<br>Je lis pourtant sur des médias de qualité tels Facebook, partagés par des « amis » qui pourtant prennent toujours la peine de recouper leurs informations avant de les publier, des échos négatifs sur les VE.<br>Eh bien, non ! Je dois être verni ! Rien de tout cela pour mon véhicule.<br>Il y a bien une caractéristique que je n’ai toujours pas comprise. Elle consiste à faire entendre un bruit de pet à la voiture via l’application officielle sur mon smartphone.<br>Peut-être est-ce dû au caractère « Geek » d’Elon Musk. C’est rigolo 5 minutes mais après, on se lasse vite.<br>Je sens pourtant une véritable violence, un appel au meurtre, une pendaison sur la place publique envers les détenteurs de tels voitures.<br>Pourriez-vous m’indiquer ce que nous avons fait de mal ?<br>J’ai la chance d’avoir un employeur qui m’offre une voiture en guise d’excédent à mon salaire depuis plus de 25 ans. Pour rappel, je n’ai pas inventé ce système qui consiste à permettre à l’employeur d’augmenter une partie du salaire de son employé tout en payant moins de charges sociales. C’est une pratique libérale chère à mes nombreux « amis de Facebook » qui votent à droite.<br>En gros, au lieu de toucher 1000, c’est comme si je recevais 1200 et que j’achète une voiture personnelle.<br>J’ai reçu de très belles voitures, c’est vrai et, jusqu’à présent personne ne m’avait fait de remarque désagréable tant que je roulais au Diesel. Depuis que je roule dans un VE, que de haine !<br>De nombreux « amis » ont jeté l’opprobre sur ma personne.<br>Je pourrais parler des avantages en matière environnementale mais tous les experts de Facebook s’accordent à dire que les VE polluent bien plus que les VT (Véhicules thermiques).<br>Je pourrais leur suggérer de lire des publications scientifiques mais je ne le ferai pas, c’est peine perdue.<br>Des amis écologistes me rétorqueraient que la solution est dans les transports en communs, mais je le rappelle, je suis misanthrope et donc, la promiscuité me pèse.<br>Ils pourraient aussi me culpabiliser à cause de tous ces enfants qui récoltent, pour une bouchée de pain, les métaux rares nécessaires à la production des batteries.<br>Je ne le ferai pas. Ils m’insulteraient via un message sur des smartphones qui fonctionnent sans batterie et sans métaux rare.<br>En résumé, depuis 3 mois, je roule avec un VE qui ne produit pas de gaz à effet de serre. Enfin, il ne produit plus de gaz à effet de serre depuis qu’il en a produit lors de sa fabrication. Un véhicule silencieux et très agréable à conduire. Pas de production de particule fine, si ce ne sont les freins comme pour tout autre voiture, sauf qu’ici, si j’arrête d’appuyer sur l’accélérateur, l’énergie cinétique sert à recharger les batteries, ce qui a pour conséquence de freiner. En fait je n’utilise pas (ou peu) les freins. Je trouve facilement des chargeurs dans les 5 kms aux alentours et j’ai fait placer une station de recharge sur le mur de mon habitation, à mes frais. La prochaine étape étant de placer des panneaux solaires pour essayer tant bien que mal de rendre le véhicule plus « propre ».<br>Contrairement à beaucoup, le placement de ces panneaux solaires n’aura pas pour but de faire tourner mon compteur à l’envers mais bien d’utiliser l’énergie produite pour charger les batteries, tourner des machines, lancer le séchoir, chauffer l’eau du boiler, … lors des pics de production du soleil.<br>Je parlais récemment avec un ami qui me disait avoir installé le photovoltaïque dans le seul but de voir le compteur tourner à l’envers. Aucun but salutaire. Le gain uniquement !<br>Il a fait installer un lit dans son garage, devant le compteur. Quand celui-ci tourne à l’envers, mon ami est soudainement pris d’une énorme érection. Son épouse et lui peuvent alors s’ébattre follement en regardant les chiffres défiler à rebours. Mais les ébats s’arrêtent quand tous les compteurs du quartier tournent à l’envers et font disjoncter l’armoire distributrice du quartier.<br>Tous les voisins se reculottent alors pour envoyer des plaintes à ORES.<br>C’est étonnant, non ? Alors que la réaction lors de pics de soleil serait d’en profiter pour utiliser cette énergie à bon escient, non ! Ils préfèrent engranger des certificats tout en prenant froid dans la cave et pester contre leur fournisseur, le gouvernement et « toutes ces crapules qui nous dirigent et qu’il faudrait une bonne dictature et que les étrangers volent nos emplois et que c’est la faute des sociallisses et des écologisses à longs pweilles et que j’t’enverrais tout ça en taule et que – Reviens m’Chou, le compteur tourne à nouveau à l’envers ».<br>Alors voilà ! Merci d’éviter de me jeter des pierres lorsque je passe devant vous. Ce véhicule ne m’appartient pas, mais à la société de leasing. Il m’a été imposé par mon employeur mais il fait le job. Après tout, c’est un bout de ferraille sur roues qui emmène des gens d’un point A à un point B.<br>Cela-dit, ma misanthropie s’est pour le moins renforcée depuis 3 mois au point que je vais devoir bientôt consulter si je ne veux pas finir sur une île déserte.</strong></p>



<div class="wp-block-group is-vertical is-layout-flex wp-container-core-group-is-layout-fe9cc265 wp-block-group-is-layout-flex"></div>
</div>
</div>

<p>Je m’inquiète !Je suis en possession d’un véhicule électrique (VE) depuis le début du mois de mai et il n’a pas encore explosé.L’attache remorque est toujours bien présente et n’a pas encore arraché l’arrière de la voiture.Je n’ai jusqu’à présent pas encore senti l’odeur de batterie qui prend feu.Malgré les fortes pluies de ces dernières [&hellip;]</p>
