{"id":2110,"date":"2022-09-09T19:17:34","date_gmt":"2022-09-09T19:17:34","guid":{"rendered":"https:\/\/nalinnes.org\/?page_id=2110"},"modified":"2022-09-14T09:11:17","modified_gmt":"2022-09-14T09:11:17","slug":"les-rue-de-nalinnes-lallee-des-noyers","status":"publish","type":"page","link":"https:\/\/nalinnes.org\/?page_id=2110","title":{"rendered":"Les rues de Nalinnes &#8211; L&#8217;all\u00e9e des Noyers"},"content":{"rendered":"\n<figure class=\"wp-block-image size-full is-resized is-style-default\"><img loading=\"lazy\" decoding=\"async\" src=\"https:\/\/nalinnes.org\/wp-content\/uploads\/2022\/09\/noyer.jpg\" alt=\"\" class=\"wp-image-2112\" width=\"527\" height=\"341\" srcset=\"https:\/\/nalinnes.org\/wp-content\/uploads\/2022\/09\/noyer.jpg 416w, https:\/\/nalinnes.org\/wp-content\/uploads\/2022\/09\/noyer-300x194.jpg 300w\" sizes=\"auto, (max-width: 527px) 100vw, 527px\" \/><\/figure>\n\n\n\n<div class=\"wp-block-uagb-container uagb-block-8e6f9d1e alignfull uagb-is-root-container\"><div class=\"uagb-container-inner-blocks-wrap\">\n<p class=\"has-white-color has-text-color has-background\" style=\"background-color:#0792e3d6\">L\u2019all\u00e9e des Noyers. L\u2019\u0153uvre de Jean-Charles de M\u00e9rode.<br>Dans ce document, on peut voir, sur la gauche, un chemin entour\u00e9 d\u2019arbres se dirigeant vers Ham-sur-Heure pour rejoindre son ch\u00e2teau ; l\u2019all\u00e9e des noyers.<br>Je crois d\u00e9j\u00e0 avoir edit\u00e9 ce document mais les publications de ces derniers jours m\u2019ont pouss\u00e9 \u00e0 rafra\u00eechir notre m\u00e9moire collective.<br>Ne reculant devant aucun sacrifice, j\u2019avais effectu\u00e9 quelques ann\u00e9es auparavant, une recherche historique approfondie. Je remercie V\u00ee Nenesse pour son aide pr\u00e9cieuse dans la qu\u00eate de v\u00e9rit\u00e9.<\/p>\n\n\n\n<p class=\"has-white-color has-text-color has-background\" style=\"background-color:#0792e3d6\">L\u2019anecdote se situe le 15 Juillet 1739, Jean-Charles-Joseph Comte de Merode, Marquis de Deynze, seigneur d\u2019Ham-sur-Heure, Chevalier de la Toison d\u2019Or, Feld mar\u00e9chal au service de S.M.I. et R. Marie-Th\u00e9r\u00e8se, Champion de belote en 1731 \u00e0 Walcourt, vainqueur du plus gros mangeur de boudin \u00e0 la foire de Morialm\u00e9 en Juin 1735 et incorrigible trousseur de jupons est le propri\u00e9taire des deux ch\u00e2teaux.<br>Ce matin d\u2019\u00e9t\u00e9, \u00e0 5 heures, Jean-Jean (petit nom donn\u00e9 par les gueux), quitte la Chambre de Madeleine de la Grosse Papatte, Comtesse de Joncret, h\u00e9riti\u00e8re du tr\u00f4ne de Moldavie, fille de Raymond et Raymonde Krapotchik de Thurn und Taxis, en convalescence au ch\u00e2teau Nalinnes pour soigner un prurit galeux.<br>Jean-Jean est fin saoul mais il sait qu\u2019il doit rentrer \u00e0 Ham-sur-Heure avant le r\u00e9veil de sa femme Charlotte de la Tape \u00e0 Gayes des Bourquis du Fond. Charlotte \u00e9tait une roturi\u00e8re. A l\u2019\u00e9poque, quand on avait moins de 16 mots dans son patronyme, on \u00e9tait roturier (ndlr). Elle a pour habitude de se lever de bonne heure dans le but de chevaucher son destrier (\u00e0 l\u2019\u00e9poque, un destrier avait la m\u00eame signification qu\u2019aujourd\u2019hui, ne nous m\u00e9prenons pas !). Jean-Jean doit \u00eatre rentr\u00e9 avant le retour de son \u00e9pouse vers 5:45. Que faire si ce n\u2019est emprunter la mobylette du boulanger ? Mais il se rappelle que la mobylette n\u2019existe pas encore. Charlotte a un avantage non n\u00e9gligeable : Sa famille est tr\u00e8s riche et un divorce serait d\u00e9licat pour les bourses de Jean-Jean (m\u00eame remarque de la r\u00e9daction, nous nous faisons un devoir de rester correct)! Il faut rentrer \u00e0 tout prix!<br>Il court donc comme un d\u00e9ment vers l\u2019ouest, tr\u00e9buchant sur les cailloux et les racines, glissant sur les d\u00e9jections bovines, sautant les ruisseaux, parcourant les champs \u00e0 toute vitesse pour arriver enfin \u00e0 5:40 au ch\u00e2teau, passer son pyjama en cheval retourn\u00e9 (\u00e0 l\u2019\u00e9poque, les modistes \u00e9taient tr\u00e8s costauds), s\u2019installer n\u00e9gligemment \u00e0 la table du d\u00e9jeuner et croquer une carotte. Charlotte entre \u00e0 ce moment et l\u2019embrasse sur le front. Elle s\u2019\u00e9tonne qu\u2019il soit en nage. Comme excuse, il explique qu\u2019il a vu des moineaux picorant les tartines en entrant dans la pi\u00e8ce et qu\u2019il les a fait fuir avec sa tapette \u00e0 moineaux, non sans mal (\u00e0 l\u2019\u00e9poque, le moineau savait ce qu\u2019il voulait). Elle ne semble pas dupe. Elle lui fait savoir qu\u2019il est \u00e9tonnant que les carottes sentent le Ricard. Jean-Jean s\u2019en sort encore une fois en argumentant que les carottes du jardin sont plant\u00e9es juste \u00e0 c\u00f4t\u00e9s du fenouil et qu\u2019un transfert de go\u00fbt a probablement eu lieu. Charlotte est press\u00e9e car elle doit participer \u00e0 son cours d\u2019abarobique (danse avec des ch\u00e8vres sur une musique baroque tr\u00e8s en vogue \u00e0 l\u2019\u00e9poque &#8211; ndlr) \u00e0 8:00. Elle n\u2019insiste pas. Jean-Jean respire un bon coup. Cette fois-ci, il est pass\u00e9 par le chas de l\u2019aiguille (mais \u00e0 l\u2019\u00e9poque, les aiguilles \u00e9taient quand m\u00eame tr\u00e8s grosses). Il se promet qu\u2019on ne l\u2019y prendrait plus. Il va d\u00e9cider :<br>1\u00b0 De toujours emporter son r\u00e9veil avec lui lors de ses escapades nocturnes<br>2\u00b0 D\u2019inventer la mobylette mais il laisse \u00e7a de c\u00f4t\u00e9 pour l\u2019instant (On l\u2019ignore sans doute mais, Louis-Guillaume Perreaux, n\u00e9 en 1816, et inventeur de la moto s\u2019appelait en r\u00e9alit\u00e9 Louis-Guillaume Perreaux, Comte de Merode, Marquis de Deynze de la Grosse Papatte, ndlr). Il aura certainement eu vent de cette histoire.<br>3\u00b0 Plus important, de planter une all\u00e9e de noyer toute droite et toute plate entre ses deux propri\u00e9t\u00e9s. De cette mani\u00e8re, il pourra rentrer sans entrave lorsque, d\u00e8s poitron-jacquet (*), encore imbib\u00e9 des libations nocturnes, il devra rentrer au plus t\u00f4t avant le r\u00e9veil de la mie.<br>Pourquoi des noyers demanderez-vous ? Pour faire cours, nous n\u2019en savons rien. C\u2019est probablement li\u00e9 au nom de son \u00e9pouse (Charlotte de la Tape \u00e0 Gayes).<br>Quelques erreurs se sont probablement gliss\u00e9es dans ce r\u00e9cit mais, nous vous saurons gr\u00e9 de ne pas nous en tenir rigueur.<br>D\u2019avance, merci.<br>*Poitron du latin = post\u00e9rieur, jacquet=\u00e9cureuil, donc d\u00e8s qu\u2019on voit le derri\u00e8re de l\u2019\u00e9cureuil, tr\u00e8s t\u00f4t. Le chat (minet) ayant remplac\u00e9 l\u2019\u00e9cureuil par la suite (v\u00e9ridique).<\/p>\n\n\n\n<p><\/p>\n<\/div><\/div>\n","protected":false},"excerpt":{"rendered":"","protected":false},"author":1,"featured_media":0,"parent":0,"menu_order":0,"comment_status":"closed","ping_status":"closed","template":"","meta":{"site-sidebar-layout":"default","site-content-layout":"","ast-site-content-layout":"","site-content-style":"default","site-sidebar-style":"default","ast-global-header-display":"","ast-banner-title-visibility":"","ast-main-header-display":"","ast-hfb-above-header-display":"","ast-hfb-below-header-display":"","ast-hfb-mobile-header-display":"","site-post-title":"","ast-breadcrumbs-content":"","ast-featured-img":"","footer-sml-layout":"","theme-transparent-header-meta":"","adv-header-id-meta":"","stick-header-meta":"","header-above-stick-meta":"","header-main-stick-meta":"","header-below-stick-meta":"","astra-migrate-meta-layouts":"default","ast-page-background-enabled":"default","ast-page-background-meta":{"desktop":{"background-color":"var(--ast-global-color-4)","background-image":"","background-repeat":"repeat","background-position":"center center","background-size":"auto","background-attachment":"scroll","background-type":"","background-media":"","overlay-type":"","overlay-color":"","overlay-gradient":""},"tablet":{"background-color":"","background-image":"","background-repeat":"repeat","background-position":"center center","background-size":"auto","background-attachment":"scroll","background-type":"","background-media":"","overlay-type":"","overlay-color":"","overlay-gradient":""},"mobile":{"background-color":"","background-image":"","background-repeat":"repeat","background-position":"center center","background-size":"auto","background-attachment":"scroll","background-type":"","background-media":"","overlay-type":"","overlay-color":"","overlay-gradient":""}},"ast-content-background-meta":{"desktop":{"background-color":"var(--ast-global-color-5)","background-image":"","background-repeat":"repeat","background-position":"center center","background-size":"auto","background-attachment":"scroll","background-type":"","background-media":"","overlay-type":"","overlay-color":"","overlay-gradient":""},"tablet":{"background-color":"var(--ast-global-color-5)","background-image":"","background-repeat":"repeat","background-position":"center center","background-size":"auto","background-attachment":"scroll","background-type":"","background-media":"","overlay-type":"","overlay-color":"","overlay-gradient":""},"mobile":{"background-color":"var(--ast-global-color-5)","background-image":"","background-repeat":"repeat","background-position":"center center","background-size":"auto","background-attachment":"scroll","background-type":"","background-media":"","overlay-type":"","overlay-color":"","overlay-gradient":""}},"footnotes":""},"class_list":["post-2110","page","type-page","status-publish","hentry"],"_links":{"self":[{"href":"https:\/\/nalinnes.org\/index.php?rest_route=\/wp\/v2\/pages\/2110","targetHints":{"allow":["GET"]}}],"collection":[{"href":"https:\/\/nalinnes.org\/index.php?rest_route=\/wp\/v2\/pages"}],"about":[{"href":"https:\/\/nalinnes.org\/index.php?rest_route=\/wp\/v2\/types\/page"}],"author":[{"embeddable":true,"href":"https:\/\/nalinnes.org\/index.php?rest_route=\/wp\/v2\/users\/1"}],"replies":[{"embeddable":true,"href":"https:\/\/nalinnes.org\/index.php?rest_route=%2Fwp%2Fv2%2Fcomments&post=2110"}],"version-history":[{"count":3,"href":"https:\/\/nalinnes.org\/index.php?rest_route=\/wp\/v2\/pages\/2110\/revisions"}],"predecessor-version":[{"id":2148,"href":"https:\/\/nalinnes.org\/index.php?rest_route=\/wp\/v2\/pages\/2110\/revisions\/2148"}],"wp:attachment":[{"href":"https:\/\/nalinnes.org\/index.php?rest_route=%2Fwp%2Fv2%2Fmedia&parent=2110"}],"curies":[{"name":"wp","href":"https:\/\/api.w.org\/{rel}","templated":true}]}}

Les rues de Nalinnes &#8211; L&#8217;allée des Noyers

<figure class="wp-block-image size-full is-resized is-style-default"><img loading="lazy" decoding="async" src="https://nalinnes.org/wp-content/uploads/2022/09/noyer.jpg" alt="" class="wp-image-2112" width="527" height="341" srcset="https://nalinnes.org/wp-content/uploads/2022/09/noyer.jpg 416w, https://nalinnes.org/wp-content/uploads/2022/09/noyer-300x194.jpg 300w" sizes="auto, (max-width: 527px) 100vw, 527px" /></figure>



<div class="wp-block-uagb-container uagb-block-8e6f9d1e alignfull uagb-is-root-container"><div class="uagb-container-inner-blocks-wrap">
<p class="has-white-color has-text-color has-background" style="background-color:#0792e3d6">L’allée des Noyers. L’œuvre de Jean-Charles de Mérode.<br>Dans ce document, on peut voir, sur la gauche, un chemin entouré d’arbres se dirigeant vers Ham-sur-Heure pour rejoindre son château ; l’allée des noyers.<br>Je crois déjà avoir edité ce document mais les publications de ces derniers jours m’ont poussé à rafraîchir notre mémoire collective.<br>Ne reculant devant aucun sacrifice, j’avais effectué quelques années auparavant, une recherche historique approfondie. Je remercie Vî Nenesse pour son aide précieuse dans la quête de vérité.</p>



<p class="has-white-color has-text-color has-background" style="background-color:#0792e3d6">L’anecdote se situe le 15 Juillet 1739, Jean-Charles-Joseph Comte de Merode, Marquis de Deynze, seigneur d’Ham-sur-Heure, Chevalier de la Toison d’Or, Feld maréchal au service de S.M.I. et R. Marie-Thérèse, Champion de belote en 1731 à Walcourt, vainqueur du plus gros mangeur de boudin à la foire de Morialmé en Juin 1735 et incorrigible trousseur de jupons est le propriétaire des deux châteaux.<br>Ce matin d’été, à 5 heures, Jean-Jean (petit nom donné par les gueux), quitte la Chambre de Madeleine de la Grosse Papatte, Comtesse de Joncret, héritière du trône de Moldavie, fille de Raymond et Raymonde Krapotchik de Thurn und Taxis, en convalescence au château Nalinnes pour soigner un prurit galeux.<br>Jean-Jean est fin saoul mais il sait qu’il doit rentrer à Ham-sur-Heure avant le réveil de sa femme Charlotte de la Tape à Gayes des Bourquis du Fond. Charlotte était une roturière. A l’époque, quand on avait moins de 16 mots dans son patronyme, on était roturier (ndlr). Elle a pour habitude de se lever de bonne heure dans le but de chevaucher son destrier (à l’époque, un destrier avait la même signification qu’aujourd’hui, ne nous méprenons pas !). Jean-Jean doit être rentré avant le retour de son épouse vers 5:45. Que faire si ce n’est emprunter la mobylette du boulanger ? Mais il se rappelle que la mobylette n’existe pas encore. Charlotte a un avantage non négligeable : Sa famille est très riche et un divorce serait délicat pour les bourses de Jean-Jean (même remarque de la rédaction, nous nous faisons un devoir de rester correct)! Il faut rentrer à tout prix!<br>Il court donc comme un dément vers l’ouest, trébuchant sur les cailloux et les racines, glissant sur les déjections bovines, sautant les ruisseaux, parcourant les champs à toute vitesse pour arriver enfin à 5:40 au château, passer son pyjama en cheval retourné (à l’époque, les modistes étaient très costauds), s’installer négligemment à la table du déjeuner et croquer une carotte. Charlotte entre à ce moment et l’embrasse sur le front. Elle s’étonne qu’il soit en nage. Comme excuse, il explique qu’il a vu des moineaux picorant les tartines en entrant dans la pièce et qu’il les a fait fuir avec sa tapette à moineaux, non sans mal (à l’époque, le moineau savait ce qu’il voulait). Elle ne semble pas dupe. Elle lui fait savoir qu’il est étonnant que les carottes sentent le Ricard. Jean-Jean s’en sort encore une fois en argumentant que les carottes du jardin sont plantées juste à côtés du fenouil et qu’un transfert de goût a probablement eu lieu. Charlotte est pressée car elle doit participer à son cours d’abarobique (danse avec des chèvres sur une musique baroque très en vogue à l’époque &#8211; ndlr) à 8:00. Elle n’insiste pas. Jean-Jean respire un bon coup. Cette fois-ci, il est passé par le chas de l’aiguille (mais à l’époque, les aiguilles étaient quand même très grosses). Il se promet qu’on ne l’y prendrait plus. Il va décider :<br>1° De toujours emporter son réveil avec lui lors de ses escapades nocturnes<br>2° D’inventer la mobylette mais il laisse ça de côté pour l’instant (On l’ignore sans doute mais, Louis-Guillaume Perreaux, né en 1816, et inventeur de la moto s’appelait en réalité Louis-Guillaume Perreaux, Comte de Merode, Marquis de Deynze de la Grosse Papatte, ndlr). Il aura certainement eu vent de cette histoire.<br>3° Plus important, de planter une allée de noyer toute droite et toute plate entre ses deux propriétés. De cette manière, il pourra rentrer sans entrave lorsque, dès poitron-jacquet (*), encore imbibé des libations nocturnes, il devra rentrer au plus tôt avant le réveil de la mie.<br>Pourquoi des noyers demanderez-vous ? Pour faire cours, nous n’en savons rien. C’est probablement lié au nom de son épouse (Charlotte de la Tape à Gayes).<br>Quelques erreurs se sont probablement glissées dans ce récit mais, nous vous saurons gré de ne pas nous en tenir rigueur.<br>D’avance, merci.<br>*Poitron du latin = postérieur, jacquet=écureuil, donc dès qu’on voit le derrière de l’écureuil, très tôt. Le chat (minet) ayant remplacé l’écureuil par la suite (véridique).</p>



<p></p>
</div></div>
