{"id":2100,"date":"2022-09-09T19:04:49","date_gmt":"2022-09-09T19:04:49","guid":{"rendered":"https:\/\/nalinnes.org\/?page_id=2100"},"modified":"2022-09-09T19:06:42","modified_gmt":"2022-09-09T19:06:42","slug":"jogging-1","status":"publish","type":"page","link":"https:\/\/nalinnes.org\/?page_id=2100","title":{"rendered":"Jogging 1"},"content":{"rendered":"\n<figure class=\"wp-block-image size-large is-resized is-style-default\"><img loading=\"lazy\" decoding=\"async\" src=\"https:\/\/nalinnes.org\/wp-content\/uploads\/2022\/09\/IMG_0495-576x1024.jpg\" alt=\"\" class=\"wp-image-2102\" width=\"287\" height=\"510\" srcset=\"https:\/\/nalinnes.org\/wp-content\/uploads\/2022\/09\/IMG_0495-576x1024.jpg 576w, https:\/\/nalinnes.org\/wp-content\/uploads\/2022\/09\/IMG_0495-169x300.jpg 169w, https:\/\/nalinnes.org\/wp-content\/uploads\/2022\/09\/IMG_0495.jpg 720w\" sizes=\"auto, (max-width: 287px) 100vw, 287px\" \/><\/figure>\n\n\n\n<div class=\"wp-block-uagb-container uagb-block-44caf7f0 alignfull uagb-is-root-container\"><div class=\"uagb-container-inner-blocks-wrap\">\n<p class=\"has-white-color has-text-color has-background\" style=\"background-color:#0792e3ab\"><strong>Or donc, l\u2019autre jour, de d\u00e9cidai de reprendre le jogging apr\u00e8s une ann\u00e9e d\u2019abstinence.<br>Il faut savoir qu\u2019on ne dit plus jogging mais bien running. La douleur est la m\u00eame mais \u00e7a fait plus \u00ab classe \u00bb.<br>Ainsi, dans une conversation, on peut entendre :<br>\u00ab Hier soir, j\u2019ai \u00e9t\u00e9 courir \u00bb<br>\u00ab Ah bon, c\u2019est quoi? , c\u2019est comme du jogging ?\u00bb<br>\u00ab Oui, le m\u00eame principe, tu essaies d\u2019aller plus vite que quand tu marches, tu sues comme un porc et tu prends une douche\u00bb<br>\u00ab Ah non, \u00e7a c\u2019est du running ! \u00bb<br>\u00ab Ah, ok ! \u00bb<br>Mais je m\u2019\u00e9gare, comme par trop souvent dans des d\u00e9tails sans aucun int\u00e9r\u00eat.<br>Donc, je suis retourn\u00e9 voir du c\u00f4t\u00e9 du centre sportif Roulin Dorvillez, aux Monts, au club \u00ab Courir pour souffrir \u00bb.<br>C\u2019est un club tr\u00e8s sympathique avec des coaches tr\u00e8s qualifi\u00e9s et il y r\u00e8gne une bonne ambiance.<br>Allez-y ! C\u2019est le mardi et le jeudi \u00e0 19:00 (ainsi que le samedi matin si vous n\u2019\u00eates pas morts).<br>Je dois dire que le jour de la reprise, le 3 septembre, \u00e0 18:40, dans mon garage, une cigarette \u00e0 la main, un verre de vin dans l\u2019autre, je n\u2019\u00e9tais pas vraiment chaud-chaud (pas comme le chien, \u00e7a ne s\u2019\u00e9crit pas pareil, essayez de suivre s\u2019il vous plait) pour y aller.<br>Heureusement, un voisin, qui se rendait aussi au supplice, r\u00e9ussit \u00e0 me convaincre (Gianni, si tu me lis, merci pour le coup de pouce!).<br>J\u2019arrivai donc au terrain de foot, garai ma voiture et entrai dans le bar o\u00f9 se r\u00e9unissent les coureurs\/Joggeurs\/runners avant de partir chacun dans leur groupe pour une heure de joie saine. J\u2019\u00e9tais d\u00e9j\u00e0 essouffl\u00e9 avant d\u2019atteindre l\u2019entr\u00e9e. J\u2019\u00e9tais d\u00e9j\u00e0 fatigu\u00e9 dans la voiture en changeant les vitesses, alors que c\u2019est une automatique.<br>Je me sentis un peu rassur\u00e9 lorsque je vis des t\u00eates connues. Rien n\u2019avait chang\u00e9 ! Vu mon \u00e9tat lamentable, je d\u00e9cidai de joindre un groupe un peu moins rapide que celui que je fr\u00e9quentais auparavant. Nous part\u00eemes cinq cents mais par un prompt renfort nous nous v\u00eemes trois mille en arrivant au port. Ah non, \u00e7a c\u2019est Corneille et \u00e7a n\u2019a rien \u00e0 voir, d\u00e9sol\u00e9.<br>En r\u00e9alit\u00e9, nous part\u00eemes 20 et deux minutes apr\u00e8s, le manque d\u2019oxyg\u00e8ne, me faisait d\u00e9j\u00e0 regretter d\u2019\u00eatre l\u00e0 (Si tu me lis, Gianni, ton coup de pouce m\u2019a fait mal au derri\u00e8re!). J\u2019avais l\u2019impression de faire de la plong\u00e9e \u00ab sous-narine \u00bb ! Mon c\u0153ur se rappelait \u00e0 moi ! je l\u2019entendais dans les tympans me dire :<br>\u00ab Tu vas o\u00f9 l\u00e0 ? t\u2019es malade ? j\u2019ai absorb\u00e9 un paquet de clopes et 3 verres de vin aujourd\u2019hui et tu veux que je g\u00e8res tes jambes ? Faut changer de cap camarade, sinon, je l\u00e2che et je te l\u00e2che ! \u00bb.<br>Qu\u2019\u00e0 cela ne tienne, je tenais. je voyais au loin, \u00e0 300 m\u00e8tres, mon coach et ses adeptes discuter de l\u2019imp\u00f4t foncier, de la reprise de l\u2019\u00e9cole, du prix du mazout et de la possible transcendance de l\u2019\u00eatre dans un monde nouveau (enfin, je crois, \u00e0 300 m\u00e8tres on n\u2019entend pas tout)!<br>Pour ma part, je n\u2019avais qu\u2019une envie : en avoir fini avec cette torture. Un moment, je crus m\u00eame que mes intestins avaient rejoint mon c\u0153ur dans une solidarit\u00e9 improbable et s\u2019animaient tout \u00e0 coup pour menacer une issue bien ridicule.<br>Les secondes \u00e9taient des heures, les minutes des si\u00e8cles.<br>Il y avait dans ce groupe, des gens de trente ans plus \u00e2g\u00e9s que moi. Je me sentais triste, ridicule mais, mes intestins avaient finalement accepter la conciliation, \u00e9vitant ainsi d\u2019\u00eatre souill\u00e9 dans mon \u00e2me, dans ma r\u00e9putation et dans mon fondement.<br>Nous arriv\u00e2mes enfin, apr\u00e8s cette dure \u00e9preuve, \u00e0 notre destination qui n\u2019\u00e9tait autre que notre point de d\u00e9part.<br>Pour ma part, j\u2019arrivai bien longtemps apr\u00e8s, mais \u00e0 temps pour pratiquer les \u00e9tirements. C\u2019est une coutume, apr\u00e8s la course, il faut s\u2019\u00e9tirer, sinon, on ne va pas aller bien du tout.<br>Je me pr\u00eatai donc au jeu. Mes jambes flagellaient telles de pauvres brins de paille. Mon c\u0153ur avait fini de m\u2019aimer, mon \u00e2me \u00e9tait ailleurs.<br>Un instant, on nous demanda de prendre une jambe dans la main et de rester en \u00e9quilibre. Je m\u2019\u00e9chouai lamentablement le front dans la bouse d\u2019une vache qui n\u2019avait rien \u00e0 faire \u00e0 cet endroit.<br>Enfin, nous f\u00fbmes lib\u00e9r\u00e9s. Je rentrai, triste, \u00e0 la maison ; la voiture empestait. Je d\u00fb expliquer \u00e0 mon \u00e9pouse qui avait not\u00e9 l\u2019odeur du crottin de cheval sur ma personne, la diff\u00e9rence fondamentale entre la vache et le cheval, bien qu\u2019\u00e9tant tous les deux une bande d\u2019ongul\u00e9s, ils ne produisent pas les m\u00eames odeurs. La douche fut salvatrice ! La nuit divine ! Mon c\u0153ur, mon \u00e2me et mes jambes s\u2019\u00e9tant r\u00e9concili\u00e9s.<br>Le lendemain, \u00e9tonn\u00e9 de ne sentir aucune douleur, je pensai que les fameux \u00e9tirements avaient \u00e9t\u00e9 salvateurs. H\u00e9las, le jour d\u2019apr\u00e8s, le jeudi donc, lorsque je descendis les escaliers pour me rendre au travail, mes cuisses avaient, d\u2019un accord commun, d\u00e9cid\u00e9 de faire scission avec les autres parties de mon corps.<br>Si vous suivez bien, nous \u00e9tions Jeudi. Et le Jeudi, c\u2019est course\/jogging\/running ! Je me rendis donc au centre sportif Roulin Dorvillez, la mort dans les cuisses, l\u2019\u00e2me et le c\u0153ur \u00e0 18:40.<br>Jamais je n\u2019ai souffert autant. Les cuisses me reprochant la violence que je leur faisais subir, le c\u0153ur toujours en froid avec moi, ma voiture toujours autant impr\u00e9gn\u00e9e d\u2019une odeur \u00e2cre issue des d\u00e9jections bovines, mon courage disparu \u00e0 jamais.<br>Mais je tins bon bien que j\u2019entendais au loin, de moins en moins, les conversations de me coreligionnaires !<br>Je fis abstraction des \u00e9tirement cette fois et rentrai \u00e0 la maison, les boules Quies dans les narines.<br>Je passai le week-end \u00e0 d\u00e9sinfecter mon v\u00e9hicule.<br>Mardi arriva ! Je r\u00e9alisai tout \u00e0 coup que le c\u0153ur, les jambes et mon \u00e2me s\u2019\u00e9taient r\u00e9concili\u00e9s !<br>Je ne peux donc que vous conseiller \u00ab Courir pour mieux vivre \u00bb.<\/strong><\/p>\n\n\n\n<p><\/p>\n<\/div><\/div>\n","protected":false},"excerpt":{"rendered":"","protected":false},"author":1,"featured_media":0,"parent":0,"menu_order":0,"comment_status":"closed","ping_status":"closed","template":"","meta":{"site-sidebar-layout":"default","site-content-layout":"","ast-site-content-layout":"","site-content-style":"default","site-sidebar-style":"default","ast-global-header-display":"","ast-banner-title-visibility":"","ast-main-header-display":"","ast-hfb-above-header-display":"","ast-hfb-below-header-display":"","ast-hfb-mobile-header-display":"","site-post-title":"","ast-breadcrumbs-content":"","ast-featured-img":"","footer-sml-layout":"","theme-transparent-header-meta":"","adv-header-id-meta":"","stick-header-meta":"","header-above-stick-meta":"","header-main-stick-meta":"","header-below-stick-meta":"","astra-migrate-meta-layouts":"default","ast-page-background-enabled":"default","ast-page-background-meta":{"desktop":{"background-color":"var(--ast-global-color-4)","background-image":"","background-repeat":"repeat","background-position":"center center","background-size":"auto","background-attachment":"scroll","background-type":"","background-media":"","overlay-type":"","overlay-color":"","overlay-gradient":""},"tablet":{"background-color":"","background-image":"","background-repeat":"repeat","background-position":"center center","background-size":"auto","background-attachment":"scroll","background-type":"","background-media":"","overlay-type":"","overlay-color":"","overlay-gradient":""},"mobile":{"background-color":"","background-image":"","background-repeat":"repeat","background-position":"center center","background-size":"auto","background-attachment":"scroll","background-type":"","background-media":"","overlay-type":"","overlay-color":"","overlay-gradient":""}},"ast-content-background-meta":{"desktop":{"background-color":"var(--ast-global-color-5)","background-image":"","background-repeat":"repeat","background-position":"center center","background-size":"auto","background-attachment":"scroll","background-type":"","background-media":"","overlay-type":"","overlay-color":"","overlay-gradient":""},"tablet":{"background-color":"var(--ast-global-color-5)","background-image":"","background-repeat":"repeat","background-position":"center center","background-size":"auto","background-attachment":"scroll","background-type":"","background-media":"","overlay-type":"","overlay-color":"","overlay-gradient":""},"mobile":{"background-color":"var(--ast-global-color-5)","background-image":"","background-repeat":"repeat","background-position":"center center","background-size":"auto","background-attachment":"scroll","background-type":"","background-media":"","overlay-type":"","overlay-color":"","overlay-gradient":""}},"footnotes":""},"class_list":["post-2100","page","type-page","status-publish","hentry"],"_links":{"self":[{"href":"https:\/\/nalinnes.org\/index.php?rest_route=\/wp\/v2\/pages\/2100","targetHints":{"allow":["GET"]}}],"collection":[{"href":"https:\/\/nalinnes.org\/index.php?rest_route=\/wp\/v2\/pages"}],"about":[{"href":"https:\/\/nalinnes.org\/index.php?rest_route=\/wp\/v2\/types\/page"}],"author":[{"embeddable":true,"href":"https:\/\/nalinnes.org\/index.php?rest_route=\/wp\/v2\/users\/1"}],"replies":[{"embeddable":true,"href":"https:\/\/nalinnes.org\/index.php?rest_route=%2Fwp%2Fv2%2Fcomments&post=2100"}],"version-history":[{"count":2,"href":"https:\/\/nalinnes.org\/index.php?rest_route=\/wp\/v2\/pages\/2100\/revisions"}],"predecessor-version":[{"id":2103,"href":"https:\/\/nalinnes.org\/index.php?rest_route=\/wp\/v2\/pages\/2100\/revisions\/2103"}],"wp:attachment":[{"href":"https:\/\/nalinnes.org\/index.php?rest_route=%2Fwp%2Fv2%2Fmedia&parent=2100"}],"curies":[{"name":"wp","href":"https:\/\/api.w.org\/{rel}","templated":true}]}}