{"id":1905,"date":"2022-09-02T15:11:54","date_gmt":"2022-09-02T15:11:54","guid":{"rendered":"https:\/\/nalinnes.org\/?page_id=1905"},"modified":"2022-09-05T06:59:57","modified_gmt":"2022-09-05T06:59:57","slug":"fusion","status":"publish","type":"page","link":"https:\/\/nalinnes.org\/?page_id=1905","title":{"rendered":"Fusion"},"content":{"rendered":"\n<figure class=\"wp-block-image size-full is-style-default\"><img loading=\"lazy\" decoding=\"async\" width=\"250\" height=\"196\" src=\"https:\/\/nalinnes.org\/wp-content\/uploads\/2022\/09\/fusion.jpg\" alt=\"\" class=\"wp-image-1906\"\/><\/figure>\n\n\n\n<p class=\"has-ast-global-color-6-color has-text-color has-background has-medium-font-size\" style=\"background-color:#0792e3e6;line-height:2.3\">Nous avons retrouv\u00e9 les minutes de la derni\u00e8re r\u00e9union qui eut lieu \u00e0 la mi-d\u00e9cembre 1976, date butoir pour d\u00e9cider du nom de l\u2019entit\u00e9 communale qui, d\u00e8s le 1er Janvier, deviendrait l\u2019appellation officielles de notre beau village ainsi que de ses quatre non-moins jolis voisins.<br>Nous vous les publions tels quels si ce n\u2019est que nous avons modifi\u00e9s les patronymes pour des raisons faciles \u00e0 comprendre.<br>Les intervenants sont :<br>Arthur, le pr\u00e9sident du comit\u00e9 de d\u00e9cision<br>L\u00e9on, Germaine, Francis, Phil\u00e9mon, Parsifal (secr\u00e9taire), Christian, Orph\u00e9e et J\u00e9r\u00f4me, les membres du comit\u00e9.<br><br>Arthur : \u00ab Bon, c\u2019est d\u00e9cid\u00e9, on prend \u00ab VAL D\u2019Heure ?\u00bb<br>Germaine : \u00ab Et pourquoi pas : Joncret ? \u00bb<br>Arthur : \u00ab Parce que \u00e7a existe d\u00e9j\u00e0, Germaine \u00bb<br>Germaine : \u00ab Ah bon ? Wanferc\u00e9e alors ? \u00bb<br>L\u00e9on : \u00ab Tais-toi Germaine ! \u00bb<br>Germaine : \u00ab Quoi ? Vous n\u2019allez pas me dire que Wanferc\u00e9e, \u00e7a existe ? Je viens de l\u2019inventer \u00bb<br>Arthur : \u00ab Parsifal, tu peux donner la liste des communes Belges \u00e0 Germaine ? Ca nous fera gagner du temps. Merci ! \u00bb<br>Francis : \u00abMoi, j\u2019ai un probl\u00e8me avec VAL D\u2019Heure \u00bb, L\u2019Eau d\u2019Heure ne passe pas sur Nalinnes. Ca me g\u00eane \u00bb<br>Phil\u00e9mon : \u00abAh non ! Ca ne va pas recommencer ! Mr le pr\u00e9sident ? On \u00e9tait d\u2019accord ! Y a pas de Vall\u00e9e \u00e0 Marbaix et nous, on n\u2019a rien dit ! \u00bb<br>Francis : \u00ab Oh toi ! Ca ne m\u2019\u00e9tonne pas. Avec ton pr\u00e9nom ridicule, tu t\u2019en fous ! \u00bb<br>Phil\u00e9mon : \u00ab Quoi ? T\u2019as un probl\u00e8me avec mon pr\u00e9nom ? C\u2019\u00e9tait celui de mon P\u00e8re, de mon Grand-p\u00e8re et de tous mes a\u00efeuls males. On en est fier ! \u00bb<br>Francis : \u00ab Ben oui, comme je dis, tu peux pas comprendre ! \u00bb<br>Phil\u00e9mon : \u00ab Quoi ? Allez viens, on sort ! Je vais te montrer moi ! \u00bb<br>Arthur : \u00ab Messieurs ! Messieurs ! Calmez-vous s\u2019il vous plait. On est tous un peu nerveux mais dans 15 jours, dernier d\u00e9lais, on doit fournir un nom \u00e0 L\u00e9o Tindemans (1er ministre \u00e0 l\u2019\u00e9poque, NDLR). Il m\u2019a encore t\u00e9l\u00e9phon\u00e9 hier. Nous sommes la ris\u00e9e de la Belgique. Tout le monde \u00e0 d\u00e9j\u00e0 choisi. Et nous ? On est l\u00e0 en train de se prendre la t\u00eate pour des histoires de pr\u00e9nom. Serrez-vous la main ! Phil\u00e9mon ? Francis ?\u00bb<br>Francis : \u00ab D\u2019accord \u00bb<br>Phil\u00e9mon : \u00ab Ok \u00bb.<br>Germaine : \u00ab Moi j\u2019aime bien Joncret \u00bb<br>Arthur : \u00ab Tais-toi Germaine. Bon, on fait un tour de table avec les \u00ab pour \u00bb et les \u00ab contre \u00bb. Parsifal ? \u00bb<br>Francis : \u00ab Pfff ! Oh pardon !\u00bb<br>Parsifal : \u00ab Qu\u2019est-ce qui te faire rire Francis ? \u00bb<br>Francis : \u00ab Non, non, Rien, Par-Si-Fal, pff, continue, je m\u2019excuse \u00bb.<br>Parsifal : \u00ab Mr le pr\u00e9sident, si Francis continue, il va finir dans une auge \u00e0 cochon avant la fin de la journ\u00e9e \u00bb.<br>Arthur : \u00ab Ok ok Parsifal, Francis s\u2019est excus\u00e9, vas-y, que penses-tu de Val d\u2019Heure ? \u00bb<br>Parsifal : \u00ab Je pense qu\u2019effectivement, la jointure ondulatoire des v\u00e9loces impromptues d\u00e9met de rechef une spoliature g\u00e9n\u00e9rique des sensations \u00e9thiques et d\u2019une f\u00e9lonie inique ! \u00bb.<br>Germaine \u00ab Qu\u2019est-ce qui dit ? \u00bb<br>Arthur : \u00ab T\u2019as pris ton m\u00e9dicament Parsifal ? Bon. On continue le tour de table sinon je vais rater le \u00ab Jardin Extraordinaire \u00bb. Christian ? \u00bb<br>Christian : \u00ab Enfin ! il est temps, je n\u2019ai pas encore dis un mot ! C\u2019est un monde \u00e7a. Je viens du bout de ma commune \u00e0 v\u00e9lo et je peux pas m\u2019exprimer ! \u00bb<br>Arthur : \u00ab Ben vas-y maintenant, tu as la parole \u00bb<br>Christian : \u00ab Bon. Moi je pense que, pour contenter tout le monde, il faut prendre des syllabes des 5 communes, Par exemple : HAMMAR JAMNACOUR ou COURNA MARJAMHAM, vous voyez ? Ou bien NALMARHAM COUJAM ou bien \u2026\u00bb<br>Arthur : \u00ab Ca va Christian, on a compris\u00bb<br>Christian : \u00ab Quoi encore ? Ce n\u2019est pas bien mon id\u00e9e ? \u00bb<br>Phil\u00e9mon : \u00ab HAMMAR JAMNACOUR, n\u2019importe quoi ! \u00bb<br>Francis : \u00ab T\u2019as raison, Heureusement qu\u2019on n\u2019a pas Tourinne-la-Grosse et Gerpinnes, \u00e7a aura fait : \u00ab GROSSE \u2026 \u00bb<br>Arthur : \u00ab Ok Francis, \u00e7a va, \u00e7a va !\u00bb<br>Phil\u00e9mon : \u00ab HAMMAR JAMNACOUR, pff \u00bb<br>Arthur : \u00ab On se calme ! Orph\u00e9e, tu as une id\u00e9e ?\u00bb<br>Orph\u00e9e : \u00ab Moi j\u2019aime bien VAL d\u2019Heure, ca rime avec bonheur \u00bb<br>Arthur : \u00ab Oui, mais encore Orph\u00e9e? \u00bb<br>Orph\u00e9e : \u00ab ben voil\u00e0 \u00bb<br>Arthur : \u00ab pffffffffffffffff ! Bon, J\u00e9r\u00f4me, tu m\u2019as parl\u00e9 d\u2019une id\u00e9e ce matin, tu veux en parler ?\u00bb<br>J\u00e9r\u00f4me : \u00ab Oui, hem\u2026, hum\u2026, humm, je crois que pour ne pas faire de jaloux, on doit prendre le code postal qu\u2019on nous a impos\u00e9, en lettre \u00bb<br>Francis : \u00ab Pardon ? \u00bb<br>J\u00e9r\u00f4me : \u00abBen oui, \u00e7a ferait \u00ab Six-Mille-Cent-Vingt \u00bb, c\u2019est pas bien \u00e7a ? \u00bb<br>Arthur : \u00ab Pas b\u00eate ! \u00bb<br>Germaine : \u00ab Ca y est, j\u2019ai trouv\u00e9 ! que pensez-vous de \u2026. Lambusart ? \u00bb<br>Arthur : \u00ab Phil\u00e9mon, l\u00e2che-l\u00e0, tu vas lui faire mal! Quelqu\u2019un d\u2019autre \u00e0 une id\u00e9e ? Gr\u00e9goire ?\u00bb<br>Gr\u00e9goire \u00ab Ben oui, je crois qu\u2019on doit tout laisser au hasard. On prend la carte g\u00e9ographique des 5 communes, on l\u2019accroche au mur et on tire une fl\u00e9chette. Voil\u00e0.\u00bb<br>Arthur : \u00abExcellente id\u00e9e Gr\u00e9goire ! une objection ? \u00bb<br>Ensemble (sans Germaine) : \u00ab Pas mieux !\u00bb<br>Germaine : \u00ab Je \u2026 \u00bb<br>Arthur : \u00ab Parsifal, pr\u00e9pare la carte, Germaine tirera la fl\u00e9chette \u00bb.<br>\u2026<br>Arthur : \u00ab Allez vas-y Germaine, ferme-les yeux et tire ! \u00bb<br>Germaine : \u00ab Mais je ne saurais jamais ! c\u2019est trop dur ! oh mon Dieu, pourquoi moi ? \u00bb<br>Arthur : \u00ab Phil\u00e9mon, te t\u2019ai dit de la l\u00e2cher. Allez pas de chichi Germaine, tire \u00bb.<br>Le compte rendu s\u2019arr\u00eate ici. Nous avons pu recueillir le t\u00e9moignage des personnes pr\u00e9sentes dans la pi\u00e8ce ce soir l\u00e0. Il semblerait que Germaine ait envoy\u00e9 sa fl\u00e8che sur la rue du Hameau, \u00e0 l\u2019ouest de l\u2019Aubette, juste \u00e0 la limite d\u2019Ham-sur-Heure et de Nalinnes\u2026<\/p>\n","protected":false},"excerpt":{"rendered":"<p>Nous avons retrouv\u00e9 les minutes de la derni\u00e8re r\u00e9union qui eut lieu \u00e0 la mi-d\u00e9cembre 1976, date butoir pour d\u00e9cider du nom de l\u2019entit\u00e9 communale qui, d\u00e8s le 1er Janvier, deviendrait l\u2019appellation officielles de notre beau village ainsi que de ses quatre non-moins jolis voisins.Nous vous les publions tels quels si ce n\u2019est que nous [&hellip;]<\/p>\n","protected":false},"author":1,"featured_media":0,"parent":0,"menu_order":0,"comment_status":"closed","ping_status":"closed","template":"","meta":{"site-sidebar-layout":"default","site-content-layout":"","ast-site-content-layout":"","site-content-style":"default","site-sidebar-style":"default","ast-global-header-display":"","ast-banner-title-visibility":"","ast-main-header-display":"","ast-hfb-above-header-display":"","ast-hfb-below-header-display":"","ast-hfb-mobile-header-display":"","site-post-title":"","ast-breadcrumbs-content":"","ast-featured-img":"","footer-sml-layout":"","theme-transparent-header-meta":"","adv-header-id-meta":"","stick-header-meta":"","header-above-stick-meta":"","header-main-stick-meta":"","header-below-stick-meta":"","astra-migrate-meta-layouts":"default","ast-page-background-enabled":"default","ast-page-background-meta":{"desktop":{"background-color":"var(--ast-global-color-4)","background-image":"","background-repeat":"repeat","background-position":"center center","background-size":"auto","background-attachment":"scroll","background-type":"","background-media":"","overlay-type":"","overlay-color":"","overlay-gradient":""},"tablet":{"background-color":"","background-image":"","background-repeat":"repeat","background-position":"center center","background-size":"auto","background-attachment":"scroll","background-type":"","background-media":"","overlay-type":"","overlay-color":"","overlay-gradient":""},"mobile":{"background-color":"","background-image":"","background-repeat":"repeat","background-position":"center center","background-size":"auto","background-attachment":"scroll","background-type":"","background-media":"","overlay-type":"","overlay-color":"","overlay-gradient":""}},"ast-content-background-meta":{"desktop":{"background-color":"var(--ast-global-color-5)","background-image":"","background-repeat":"repeat","background-position":"center center","background-size":"auto","background-attachment":"scroll","background-type":"","background-media":"","overlay-type":"","overlay-color":"","overlay-gradient":""},"tablet":{"background-color":"var(--ast-global-color-5)","background-image":"","background-repeat":"repeat","background-position":"center center","background-size":"auto","background-attachment":"scroll","background-type":"","background-media":"","overlay-type":"","overlay-color":"","overlay-gradient":""},"mobile":{"background-color":"var(--ast-global-color-5)","background-image":"","background-repeat":"repeat","background-position":"center center","background-size":"auto","background-attachment":"scroll","background-type":"","background-media":"","overlay-type":"","overlay-color":"","overlay-gradient":""}},"footnotes":""},"class_list":["post-1905","page","type-page","status-publish","hentry"],"_links":{"self":[{"href":"https:\/\/nalinnes.org\/index.php?rest_route=\/wp\/v2\/pages\/1905","targetHints":{"allow":["GET"]}}],"collection":[{"href":"https:\/\/nalinnes.org\/index.php?rest_route=\/wp\/v2\/pages"}],"about":[{"href":"https:\/\/nalinnes.org\/index.php?rest_route=\/wp\/v2\/types\/page"}],"author":[{"embeddable":true,"href":"https:\/\/nalinnes.org\/index.php?rest_route=\/wp\/v2\/users\/1"}],"replies":[{"embeddable":true,"href":"https:\/\/nalinnes.org\/index.php?rest_route=%2Fwp%2Fv2%2Fcomments&post=1905"}],"version-history":[{"count":2,"href":"https:\/\/nalinnes.org\/index.php?rest_route=\/wp\/v2\/pages\/1905\/revisions"}],"predecessor-version":[{"id":1915,"href":"https:\/\/nalinnes.org\/index.php?rest_route=\/wp\/v2\/pages\/1905\/revisions\/1915"}],"wp:attachment":[{"href":"https:\/\/nalinnes.org\/index.php?rest_route=%2Fwp%2Fv2%2Fmedia&parent=1905"}],"curies":[{"name":"wp","href":"https:\/\/api.w.org\/{rel}","templated":true}]}}